= 43 - 67. Is 14948/6 + 176/f + 7 prime?
False
Suppose 2 = h - 4*l - 10, -8 = -4*l. Suppose 0 = -4*f - h, 2*d + f - 351 = -2*f. Is d prime?
False
Let l(v) = v**3 - 10*v**2 - 35*v - 47. Is l(19) composite?
True
Suppose 5*h - 1013 + 228 = 0. Let c(m) = h*m - 23*m + 7 + 9 - 9. Is c(5) prime?
True
Let x be (-1)/((-2)/(-12199)) + (-3)/2. Let u = -4170 - x. Is u a prime number?
True
Let h = -5 - -34. Suppose -h = 6*u - 695. Is u a composite number?
True
Let y(s) = s**2 - 5*s + 1. Let k be y(4). Let l be (2 - -2) + -2 - k. Suppose -1423 = -l*o - 4*x, 0 = 3*o + 4*x - 2*x - 855. Is o prime?
False
Suppose -4*j + 4*p = -0*j - 3748, -j = -5*p - 937. Suppose j = 5*u - 3*u - d, -d = -3*u + 1408. Is u a composite number?
True
Let d(t) = t**2 - 8*t + 13. Let q = -4 - -5. Let l(z) = 11*z - 2. Let g be l(q). Is d(g) prime?
False
Suppose 19*a - 5*k = 14*a + 186210, -5*k = 4*a - 148977. Is a a prime number?
True
Let l = -319 + 428. Let g(n) = -3*n**3 - n. Let j be g(-1). Suppose -167 = -j*x + l. Is x composite?
True
Let v(u) = -6 + u**2 + 4 + 9 + 2*u**2 - 2*u. Is v(8) a prime number?
False
Let n be 1*(0 + 3 + -2). Let h = 311 - 117. Is (0 + h)*n/2 a prime number?
True
Suppose 4*s + 2*p + 59 = -s, -5*s - 53 = -p. Let d = 12 + s. Let f(l) = 169*l. Is f(d) a prime number?
False
Let d be (3575/(-20) - -2) + 9/12. Let g = -130 - d. Is g composite?
True
Let o(k) = 64*k + 1. Let l = -119 - -120. Is o(l) prime?
False
Let d = 11 + 9. Suppose -204 + 14 = -2*l + x, 5*x - d = 0. Is l a composite number?
False
Let r(b) = -30*b + 38. Let c be r(-14). Let l = -100 + c. Is l a prime number?
False
Let s = -721 - -1296. Suppose -3040 = -5*y - s. Is y a prime number?
False
Let i = 117 - 57. Suppose 0 = -d + i + 127. Is d composite?
True
Let n(j) be the second derivative of j**7/504 - j**6/80 + 3*j**5/40 + 7*j**4/12 + 4*j. Let y(d) be the third derivative of n(d). Is y(8) composite?
False
Suppose -2*c + 3*y + 1698 = 97, 2424 = 3*c + 3*y. Suppose c = 5*i - 3*b, -2*b = 4*i + b - 644. Is i prime?
False
Suppose -4*w + 35525 = -35*u + 34*u, 2*w - u = 17763. Is w composite?
True
Let h(y) = -2*y**2 + 3*y - 1. Let m be h(1). Suppose m*j = -4*j + 1708. Is j composite?
True
Let y = 21 + 102. Let d = 217 - y. Is d a composite number?
True
Let f = -12 + 18. Let j be 89*2/f*3. Suppose 2*g - j = -3*i, -3*i + g + 57 + 47 = 0. Is i a prime number?
False
Let n be (425 + 1)/((-27)/(-18)). Suppose m = 207 + n. Is m composite?
False
Let x = 14536 + -3089. Is x a composite number?
False
Suppose s - 3985 = -4*s. Let z = 1410 - s. Is z a composite number?
False
Suppose 4*d + 5*m - 12594 = 0, 3*m = -5*d + m + 15751. Is d composite?
True
Let s(p) = p**3 + 5*p**2 - 2*p - 8. Let y be s(-5). Suppose y*n = -115 + 341. Is n a composite number?
False
Suppose 0 = s - 44728 - 34221. Is s prime?
False
Suppose -40 = 5*i + 2*v, 0 = 4*i - 3*v - 0*v + 32. Is (-6 + 2)*6706/i a prime number?
False
Let o(s) = 111*s - 17. Let j be o(15). Suppose -4*y - 4*l = -3520, 115 + j = 2*y + 5*l. Is y a prime number?
False
Suppose 3*y + 3*z = -81, 2 = -3*z + z. Let i = y - -169. Is i prime?
False
Let h be (-1 - (-22)/10)*200/(-60). Is ((-1)/(-3))/((-2)/(-21570)) - h a prime number?
False
Suppose -30*w - 4*t = -32*w + 61886, w = t + 30948. Is w a composite number?
True
Let g(t) = 3*t - 5. Let q be g(6). Let c(n) = -q*n**2 - 1 - n**3 + 2*n**3 - 18*n + 6. Is c(15) prime?
False
Let x(t) = 2*t - 4. Let b be x(3). Suppose b*i + 4*h + 2872 = 556, -h + 1152 = -i. Is (-22)/55 + i/(-10) prime?
False
Let r be 6/(-1)*((-35)/10 - -3). Is -38*(1 + r/(-2)) a prime number?
True
Suppose 0*n + 4*g = 5*n - 18, 0 = -n - g. Is 439*n - 20/20 a composite number?
False
Let o = 1 - -3. Suppose -o*v - 2*d + 22 = 0, 0 = -2*d - 0 + 10. Suppose -662 = -4*a + 2*n, v*a - 2*n - 676 + 177 = 0. Is a a prime number?
True
Is -8 - -3 - 3102/(-2) prime?
False
Let w(n) = -31*n - 12. Let x(t) = 32*t + 11. Suppose -2*p = q + 4, 2*p + 14 = q + 6. Let r(v) = p*x(v) - 2*w(v). Is r(-5) a composite number?
True
Suppose -5*l = -2*l - 6, 4*l = -2*j + 82666. Is j composite?
True
Suppose -f - 44 = 4*k, k - 3*k - 28 = 2*f. Let b(s) = -11*s + 9. Let u be b(k). Suppose u = -0*h + h. Is h a prime number?
False
Suppose 8 = -2*d - 4. Is d/(-57) - 98889/(-57) a prime number?
False
Let p(v) = -2*v**2 + 2*v + 9. Let o(l) = l**3 - l**2 + 3*l + 10. Let x = -19 - -23. Let h(d) = x*p(d) - 3*o(d). Is h(-7) a prime number?
True
Let q be 2/(-3) - 347/(-3). Let r = q - -456. Is r composite?
False
Let v(g) = 23*g**2 - 9*g + 11. Suppose -54 = -11*d + 2*d. Is v(d) prime?
False
Let v be (-1 - -1) + (-8914)/(-2). Suppose 31*y = 25*y + 18. Suppose -2*q + 1790 = y*d, -3*d = 4*q + q - v. Is q prime?
False
Let f be ((-4)/(-18))/((-1)/(-9)). Suppose -f*d - 32 = 2*d. Is (-470)/d - (-3)/12 a prime number?
True
Let q = -486 - -769. Suppose 3*c = u + q, 2*u + 1 - 5 = 0. Is c a composite number?
True
Suppose -2*w - 11*w = -15548. Let j = w - 815. Is j prime?
False
Suppose -14*j = 5*j - 78907. Is j a composite number?
False
Suppose -150*j + 165*j = -90. Suppose 0 = -v + 4, h + 5 = 5*v - 45. Is (-3790)/h - 4/j a composite number?
False
Let j(x) = x - 2. Let w be j(0). Let k be (1 + 0)*w - 1. Let h = k + 22. Is h a prime number?
True
Suppose 4 = 2*s - 22. Let g(a) = -a**2 + 38*a + 1. Is g(s) prime?
False
Let t be 1 - 3/(-4 - -1). Let z(l) = 2*l**3 + 4*l**2 - 4*l + 3. Let x be z(t). Suppose -w - 3 = 0, -5*w + 124 = 2*a - x. Is a a prime number?
True
Let z = -8293 + 16286. Is z a prime number?
True
Let d(t) = t**2 - 11*t + 12. Let z be d(10). Suppose 1493 = 5*f - z*r, -3*f + 3*r + 472 + 422 = 0. Is f prime?
False
Let n be 100086/(-35) + 6/(-15). Let u = -1271 - n. Is u a composite number?
True
Let l(n) = n**2 - 5*n + 3. Let y be l(3). Let o be 4/16*4*-2. Is y/6*163*o a composite number?
False
Let g(s) = 2*s**2 + s + 10. Let a(u) = -3*u**2 - u - 11. Let v(n) = -3*a(n) - 4*g(n). Is v(10) a composite number?
False
Suppose -27731 = -11*s + 52646. Is s a composite number?
False
Let s(a) = 4*a**2 - 10*a + 12. Suppose 12 + 4 = -4*v. Let f(q) = 3*q**2 - 11*q + 11. Let m(g) = v*s(g) + 5*f(g). Is m(-14) a composite number?
True
Let t(f) = -f**2 - 10*f - 6. Let y = 10 + -19. Let n be t(y). Suppose 232 = n*l + 1. Is l composite?
True
Let w(p) = -18*p**3 + 3*p - 7. Suppose 10*g + 35 + 25 = 0. Is w(g) prime?
True
Let k be (4/(-6))/((-7)/(-63)). Is (-188)/6*k + -3 a prime number?
False
Let b(a) = 1925*a**2 - 61*a + 185. Is b(3) a prime number?
True
Let m(t) = 10*t - 76. Is m(15) a composite number?
True
Let s(z) = z + 7. Let n be s(-4). Suppose -n*t + 5*t = 818. Is t a prime number?
True
Let v(u) = -u**3 - 11*u**2 + 19*u + 26. Let p be v(-12). Let r = 115 + p. Is r prime?
False
Let o(s) = -s**3 + 3*s**2 + 8*s - 11. Let g be o(-9). Let u = -258 + g. Is u prime?
True
Let q be 45/12 + 4/16. Let t(l) = l + 1. Let c(d) = 3*d - 283. Let z(u) = q*t(u) - c(u). Is z(0) composite?
True
Let h be -16*(-9)/(-24)*2. Is 1/(-4) + (-279)/h prime?
True
Is ((-858182)/(-52))/((-2)/(-4)) prime?
False
Suppose -4*j - 3129 = 3*q - j, 0 = -4*q - 2*j - 4180. Let s = q + 2318. Is s composite?
True
Let u(v) = -430*v + 231. Is u(-10) a composite number?
True
Suppose -7*d = -6*d - 2. Suppose b - 433 = -a, d*b - 1162 = -4*a + 566. Is a prime?
True
Let g = 1913 + -1006. Is g prime?
True
Suppose -175*f + 169*f + 5370 = 0. Is f composite?
True
Let g = 435 - -814. Is g composite?
False
Let n be -2 + ((-2)/(-2) - -2). Let a = 3 + n. Suppose a*d - 5*o - 652 = 0, 0 = 2*d - o - 3*o - 326. Is d a composite number?
False
Is (-58971)/6*(-6 - (-10 - -6)) composite?
True
Let c(u) = -u + 13. Let i be c(10). Let l be (-2)/(-2 + 0)*91. Suppose -2*y + 4*y = -2*p + 190, -i*p - l = -y. Is y a composite number?
True
Suppose 3*s + 2*w - 380 = s, 380 = 2*s + 3*w. Let y(v) = v + 101. Let n be y(0). Let x = s - n. Is x prime?
True
Let q(z) be the second derivative of -z**5/20 + 17*z**4/12 - 4*z**3/3 - 7*z**2/2 + 6*z. Is q(11) a prime number?
True
Suppose 0 = 5*a - 14 - 31. Suppose -m - 7 = -a. Suppose m*d + 2*g = 184, -5*d - g = -416 - 32. Is d composite?
False
Let c(w) = 24*w**2 + 4 - 4 + 7*w**2. Let f be c(2). Let d = -67 + f. Is d a composite number?
True
Suppose -2*t + 3*t = 4*g + 14294, 5*g = 2*t - 28594. Is t a composite number?
True
Let h(m) = -4*m**3 + 8*m**2 + 16*m + 15. Is 